Suppose u = s*b - 14 - 13. What is the highest common divisor of b and 36?
9
Suppose 440 + 184 = 3*m. What is the greatest common factor of m and 26?
26
Let d = -19 - -27. Let q be 32/6*(-18)/(-4). Let g be (4/(-6))/((-2)/q). Calculate the greatest common factor of d and g.
8
Let l(g) = g**3 + 21*g**2 + 47*g + 36. Let q be l(-18). What is the highest common divisor of 18 and q?
18
Let a = 33 - 23. Let q be 6/(-2)*a/(-3). Calculate the greatest common divisor of q and 90.
10
Let d(b) = -2*b - 5. Let c be d(-4). Suppose 5*q = -5*m + 166 + 34, 2*m - 81 = -c*q. What is the highest common divisor of m and 26?
13
Suppose -3*n - 3 - 3 = 0, 4*n + 95 = -3*m. Let l be (-6)/5*(-11 + m). What is the highest common divisor of 12 and l?
12
Let n = 45 + -27. What is the greatest common factor of 36 and n?
18
Let b(n) = n**3 - 8*n**2 + 4*n - 2. Let z = 18 + -10. Let j be b(z). What is the highest common factor of 75 and j?
15
Let g = -11 + 17. Let k be (g/(-8))/(9/(-216)). What is the highest common factor of 54 and k?
18
Suppose 4*k = -5*w + 1, 0*w - 2*w = 4*k - 10. Suppose -i + 0*i + 28 = 0. What is the highest common divisor of i and k?
4
Let f be 3/4 + 1/4. Let l = 2 - f. Suppose -3*k = -2*k - l. What is the highest common factor of k and 11?
1
Suppose 3*w + 4*f - 33 - 53 = 0, 5*f = 2*w - 65. Let d be (4/10)/(1/50). Let v = -5 + d. Calculate the highest common factor of v and w.
15
Let x = 656 - 447. Let s = 62 + -43. What is the highest common divisor of s and x?
19
Let f be -2*9/(-2) + 3. Suppose -4*y - 4*l - 16 - f = 0, l = 5*y + 29. Let h be (y/18)/(2/(-12)). Calculate the greatest common factor of 5 and h.
1
Let l = -159 + 376. Calculate the highest common divisor of l and 62.
31
Let v be (-2)/(-8) + 261/12. Let r be 0 - (v + (-2)/1). Let l be (-25)/r + (-2)/8. Calculate the greatest common factor of 1 and l.
1
Let q(s) = s**2 - 6*s + 11. Let d be q(11). What is the highest common divisor of 22 and d?
22
Suppose 4*g + 203 = 659. Let z = g + -14. Suppose 3*p + 2*o - 100 = 66, -2*p = -4*o - z. Calculate the greatest common divisor of 6 and p.
6
Suppose 0 = -8*d - 1 + 9. Let l be d + 6 - (-1 - -1). Suppose 5*w - w - 112 = 0. What is the highest common divisor of l and w?
7
Let s(m) = m**3 - 11*m**2 + 6*m - 12. Let g be s(12). Calculate the greatest common divisor of 12 and g.
12
Let h(z) = 5*z**2 - 8*z - 8. Let q be h(5). Calculate the greatest common divisor of 22 and q.
11
Let x(g) = -g**3 - 15*g**2 - 20*g + 11. Let z be x(-14). What is the greatest common factor of z and 38?
19
Suppose 12 = -x - 5*j, 3*j = 4*x - 5 - 16. Suppose x*y = 8*y - 250. Calculate the highest common factor of 10 and y.
10
Let r be (108/(-30))/(2*(-2)/160). What is the greatest common divisor of 36 and r?
36
Let z(f) = -17*f + 15. Let s(u) = -8*u + 7. Let y(o) = 9*s(o) - 4*z(o). Let h be y(-6). Calculate the greatest common factor of 18 and h.
9
Let g be (2/4)/(11/7876). Suppose -4*p + 12 = 0, 4*p + g = 5*u + 20. Calculate the greatest common divisor of 14 and u.
14
Let d(b) = -b**3 + 6 + 5*b**3 - 3*b**3 - b - 5*b**2. Let i be d(6). Suppose 16 - 40 = -w. What is the greatest common divisor of w and i?
12
Let c = 13 - 11. Suppose 2*b + c*b - 52 = 0. Suppose 2*k - k - b = 0. What is the highest common divisor of 13 and k?
13
Suppose -m + 19 + 2 = 0. Calculate the highest common divisor of 105 and m.
21
Let o = -111 + 197. Let v be 2 - (o*1)/(-2). Calculate the greatest common divisor of 9 and v.
9
Suppose 3*a = 2*a + 185. What is the greatest common divisor of a and 37?
37
Suppose 15*p - 56 = 13*p. Calculate the greatest common divisor of p and 42.
14
Let s = 19 + -18. Calculate the highest common divisor of s and 4.
1
Suppose 0 = -2*u - u + 21. Let m be 2*(519/6 + -3). Suppose 4*z - m = 29. Calculate the greatest common factor of z and u.
7
Let k = 6 + 7. Let q be ((-159)/51 - -3) + 4428/68. Calculate the greatest common divisor of k and q.
13
Let m = 10 + -5. Let j = 9 - m. Suppose j = 3*y - 50. What is the greatest common divisor of y and 162?
18
Let p = 157 - 153. What is the highest common divisor of 28 and p?
4
Let s = -2 - -1. Let w be 2 + -3 - s*23. What is the highest common divisor of 2 and w?
2
Suppose -5*w + 493 = -n, -3*n = -w - 5*n + 103. Let q = 20 - 11. What is the highest common divisor of w and q?
9
Let f(i) = 2*i**2 + 3*i - 7. Let u be f(-4). Calculate the greatest common factor of 52 and u.
13
Suppose -4*q - 10 = -2*q, 3*q = -5*z + 70. Suppose -3*d = -1 - z. Calculate the highest common factor of 15 and d.
3
Let y = 127 - 105. What is the greatest common divisor of y and 77?
11
Let t = 35 + -17. Calculate the highest common divisor of 18 and t.
18
Let d(j) = j**3 + 13*j**2 + 12*j + 7. Let i be d(-12). What is the greatest common factor of 49 and i?
7
Let r be (6/(-10))/(1/(-5)). Let y = 12 - r. Let k be (-4 - -13)*(12 - 1). What is the highest common factor of y and k?
9
Let m(x) = -3*x**3 - 2*x**2 - x + 2. Suppose 8 = -4*h - 0*h. Let w be m(h). What is the greatest common divisor of w and 160?
20
Let m(f) = -5*f - 3. Let d be m(-4). Let t = d + -12. Suppose 5*l = -t*w + 95, 5*l - 3*l - 83 = -5*w. Calculate the highest common factor of w and 135.
15
Let m be (-4)/(-10) - 376/(-10). Suppose 0 = -3*z + m + 61. Let l be (2/(-5) - 0)*-55. What is the highest common factor of l and z?
11
Suppose -5*m + 55 = -3*p, 0 = 3*m - 4*m + 2. Let r = 30 + p. What is the greatest common factor of r and 135?
15
Suppose 26 = -3*f - 10. Let g be 162/f*4/(-6). What is the greatest common factor of g and 63?
9
Suppose l = -l + 4. Suppose 27 = 2*h + h - l*v, 3*v = -3*h + 42. What is the highest common factor of 1 and h?
1
Suppose 3*f - 315 = -2*f. What is the highest common divisor of 7 and f?
7
Let x = -11 + 47. Suppose 0 = -5*j + 30 - 5. Suppose -21 = -4*b + 5*y, -j = 3*y - 2. What is the highest common divisor of x and b?
4
Suppose -28 = -4*y - 0*y. Suppose 3*o - 3 = -0. Calculate the highest common factor of y and o.
1
Let b(t) be the second derivative of 7*t**4/12 + t**3/6 - t**2 - 3*t. Let k be b(3). Let a = k + -28. What is the highest common factor of 9 and a?
9
Suppose -22 - 6 = -4*t. Let h(y) = -y**3 - y**2 - y - 101. Let z be h(0). Let a = -24 - z. What is the greatest common divisor of a and t?
7
Let z be (-69)/(-6) + 2/4. Suppose 4*s = 2 + 6. Suppose -2*v + 33 = u, -s*v + z + 20 = 2*u. What is the greatest common factor of 85 and v?
17
Suppose 4*d - 4*l = 92, -5*d + d + 2*l = -84. Calculate the highest common factor of 152 and d.
19
Suppose -b = b - 130. Suppose 68 = 6*f - 10. Calculate the highest common divisor of f and b.
13
Suppose 5*c - 16 = 14. Suppose -h + 0 = -c. Calculate the highest common factor of 48 and h.
6
Let k be (-24*1)/3 - -2. Let s be (-214)/k + 2/(-3). What is the greatest common divisor of 7 and s?
7
Let z = 100 - 58. Suppose 0 = 5*g - 4*g - z. What is the greatest common factor of 6 and g?
6
Let m(b) = b**2 + 12*b + 25. Let p be m(-10). Suppose -2 = k - 2*k - 3*g, -2*g = -5*k + 27. Calculate the greatest common factor of k and p.
5
Suppose 11*p = 15*p - 40. What is the highest common divisor of 5 and p?
5
Suppose 3*d + 3 + 0 = 0. Let f be (d - 0) + 16 + -1. What is the highest common divisor of 126 and f?
14
Suppose 2*i + 88 = 2*z, -z + 166 = 3*z + i. What is the greatest common divisor of z and 14?
14
Suppose -3*a = -6*a. Suppose a = -3*r + 9, 3*r = 5*j - 79 + 28. Suppose -2*t = -4*p + 6, -3*t = -4*p - 0*t + 3. Calculate the greatest common factor of j and p.
3
Let g be (-14)/(-3) - (-2)/6. Suppose -s = -g - 0. Suppose 4*i + s*n = 29, -3*i - n - n = -13. What is the highest common divisor of i and 11?
1
Let b be 69*2/(-15)*-5. What is the highest common divisor of 23 and b?
23
Suppose 5*v - 224 - 246 = 0. Let j = 202 - v. What is the greatest common divisor of j and 18?
18
Suppose 5*s - 3 = 2*q, s = -3*q - q + 49. What is the highest common divisor of 33 and q?
11
Let f(p) = p**3 - 8*p**2 - 13*p + 13. Let j be f(12). Suppose -4*w - j = 243. Let i = -70 - w. Calculate the highest common divisor of i and 11.
11
Let q = -129 + 133. What is the highest common divisor of q and 5?
1
Let c(n) = n**2 + 8*n - 10. Let i be c(-8). Let p = i + 14. Suppose 5*a + 2 + 3 = 0, p*w + 5*a = 3. Calculate the greatest common divisor of 18 and w.
2
Let a(u) be th